{"id":314,"date":"2024-03-23T14:43:18","date_gmt":"2024-03-23T11:43:18","guid":{"rendered":"https:\/\/bursalaboratuvar.com\/?page_id=314"},"modified":"2024-03-23T16:55:56","modified_gmt":"2024-03-23T13:55:56","slug":"yetkinliklerimiz","status":"publish","type":"page","link":"https:\/\/bursalaboratuvar.com\/index.php\/yetkinliklerimiz\/","title":{"rendered":"Yetkinliklerimiz"},"content":{"rendered":"\t\t<div data-elementor-type=\"wp-page\" data-elementor-id=\"314\" class=\"elementor elementor-314\" data-elementor-post-type=\"page\">\n\t\t\t\t<div class=\"elementor-element elementor-element-0597ef2 e-flex e-con-boxed elementor-invisible e-con e-parent\" data-id=\"0597ef2\" data-element_type=\"container\" data-settings=\"{&quot;animation&quot;:&quot;fadeInDown&quot;}\" data-core-v316-plus=\"true\">\n\t\t\t\t\t<div class=\"e-con-inner\">\n\t\t<div class=\"elementor-element elementor-element-37845ee e-con-full e-flex e-con e-child\" data-id=\"37845ee\" data-element_type=\"container\" data-settings=\"{&quot;background_background&quot;:&quot;classic&quot;}\">\n\t\t\t\t<div class=\"elementor-element elementor-element-4f415af elementor-widget elementor-widget-heading\" data-id=\"4f415af\" data-element_type=\"widget\" data-widget_type=\"heading.default\">\n\t\t\t\t<div class=\"elementor-widget-container\">\n\t\t\t<style>\/*! elementor - v3.20.0 - 20-03-2024 *\/\n.elementor-heading-title{padding:0;margin:0;line-height:1}.elementor-widget-heading .elementor-heading-title[class*=elementor-size-]>a{color:inherit;font-size:inherit;line-height:inherit}.elementor-widget-heading .elementor-heading-title.elementor-size-small{font-size:15px}.elementor-widget-heading .elementor-heading-title.elementor-size-medium{font-size:19px}.elementor-widget-heading .elementor-heading-title.elementor-size-large{font-size:29px}.elementor-widget-heading .elementor-heading-title.elementor-size-xl{font-size:39px}.elementor-widget-heading .elementor-heading-title.elementor-size-xxl{font-size:59px}<\/style><h2 class=\"elementor-heading-title elementor-size-default\">YETK\u0130NL\u0130KLER\u0130M\u0130Z<\/h2>\t\t<\/div>\n\t\t\t\t<\/div>\n\t\t\t\t<\/div>\n\t\t\t\t\t<\/div>\n\t\t\t\t<\/div>\n\t\t<div class=\"elementor-element elementor-element-c6d2433 animated-slow e-flex e-con-boxed elementor-invisible e-con e-parent\" data-id=\"c6d2433\" data-element_type=\"container\" data-settings=\"{&quot;animation&quot;:&quot;fadeIn&quot;}\" data-core-v316-plus=\"true\">\n\t\t\t\t\t<div class=\"e-con-inner\">\n\t\t<div class=\"elementor-element elementor-element-dbd95fa e-con-full e-flex e-con e-child\" data-id=\"dbd95fa\" data-element_type=\"container\">\n\t\t\t\t<div class=\"elementor-element elementor-element-e8bf8c5 elementor-widget elementor-widget-heading\" data-id=\"e8bf8c5\" data-element_type=\"widget\" data-widget_type=\"heading.default\">\n\t\t\t\t<div class=\"elementor-widget-container\">\n\t\t\t<h2 class=\"elementor-heading-title elementor-size-default\">T\u0131bbi Laboratuvar Ruhsat\u0131m\u0131z<\/h2>\t\t<\/div>\n\t\t\t\t<\/div>\n\t\t\t\t<div class=\"elementor-element elementor-element-b4df5ba elementor-widget elementor-widget-image\" data-id=\"b4df5ba\" data-element_type=\"widget\" data-widget_type=\"image.default\">\n\t\t\t\t<div class=\"elementor-widget-container\">\n\t\t\t<style>\/*! elementor - v3.20.0 - 20-03-2024 *\/\n.elementor-widget-image{text-align:center}.elementor-widget-image a{display:inline-block}.elementor-widget-image a img[src$=\".svg\"]{width:48px}.elementor-widget-image img{vertical-align:middle;display:inline-block}<\/style>\t\t\t\t\t\t\t\t\t\t<img fetchpriority=\"high\" decoding=\"async\" width=\"447\" height=\"634\" src=\"https:\/\/bursalaboratuvar.com\/wp-content\/uploads\/2024\/03\/tibbilabruhsat.webp\" class=\"attachment-large size-large wp-image-317\" alt=\"\" srcset=\"https:\/\/bursalaboratuvar.com\/wp-content\/uploads\/2024\/03\/tibbilabruhsat.webp 447w, https:\/\/bursalaboratuvar.com\/wp-content\/uploads\/2024\/03\/tibbilabruhsat-212x300.webp 212w\" sizes=\"(max-width: 447px) 100vw, 447px\" \/>\t\t\t\t\t\t\t\t\t\t\t\t\t<\/div>\n\t\t\t\t<\/div>\n\t\t\t\t<\/div>\n\t\t<div class=\"elementor-element elementor-element-58f8ba8 e-con-full e-flex e-con e-child\" data-id=\"58f8ba8\" data-element_type=\"container\">\n\t\t\t\t<div class=\"elementor-element elementor-element-cfa2dc8 elementor-widget elementor-widget-heading\" data-id=\"cfa2dc8\" data-element_type=\"widget\" data-widget_type=\"heading.default\">\n\t\t\t\t<div class=\"elementor-widget-container\">\n\t\t\t<h2 class=\"elementor-heading-title elementor-size-default\">Mikrobiyoloji Laboratuvar Ruhsat\u0131m\u0131z<\/h2>\t\t<\/div>\n\t\t\t\t<\/div>\n\t\t\t\t<div class=\"elementor-element elementor-element-8a317c3 elementor-widget elementor-widget-image\" data-id=\"8a317c3\" data-element_type=\"widget\" data-widget_type=\"image.default\">\n\t\t\t\t<div class=\"elementor-widget-container\">\n\t\t\t\t\t\t\t\t\t\t\t\t\t<img decoding=\"async\" width=\"800\" height=\"534\" src=\"https:\/\/bursalaboratuvar.com\/wp-content\/uploads\/2024\/03\/miklabruhsat-1024x683.webp\" class=\"attachment-large size-large wp-image-316\" alt=\"\" srcset=\"https:\/\/bursalaboratuvar.com\/wp-content\/uploads\/2024\/03\/miklabruhsat-1024x683.webp 1024w, https:\/\/bursalaboratuvar.com\/wp-content\/uploads\/2024\/03\/miklabruhsat-300x200.webp 300w, https:\/\/bursalaboratuvar.com\/wp-content\/uploads\/2024\/03\/miklabruhsat-768x512.webp 768w, https:\/\/bursalaboratuvar.com\/wp-content\/uploads\/2024\/03\/miklabruhsat.webp 1200w\" sizes=\"(max-width: 800px) 100vw, 800px\" \/>\t\t\t\t\t\t\t\t\t\t\t\t\t<\/div>\n\t\t\t\t<\/div>\n\t\t\t\t<\/div>\n\t\t\t\t\t<\/div>\n\t\t\t\t<\/div>\n\t\t<div class=\"elementor-element elementor-element-5688b4a e-flex e-con-boxed e-con e-parent\" data-id=\"5688b4a\" data-element_type=\"container\" data-core-v316-plus=\"true\">\n\t\t\t\t\t<div class=\"e-con-inner\">\n\t\t<div class=\"elementor-element elementor-element-e888516 e-con-full e-flex e-con e-child\" data-id=\"e888516\" data-element_type=\"container\">\n\t\t\t\t<div class=\"elementor-element elementor-element-378e361 elementor-widget elementor-widget-text-editor\" data-id=\"378e361\" data-element_type=\"widget\" data-widget_type=\"text-editor.default\">\n\t\t\t\t<div class=\"elementor-widget-container\">\n\t\t\t<style>\/*! elementor - v3.20.0 - 20-03-2024 *\/\n.elementor-widget-text-editor.elementor-drop-cap-view-stacked .elementor-drop-cap{background-color:#69727d;color:#fff}.elementor-widget-text-editor.elementor-drop-cap-view-framed .elementor-drop-cap{color:#69727d;border:3px solid;background-color:transparent}.elementor-widget-text-editor:not(.elementor-drop-cap-view-default) .elementor-drop-cap{margin-top:8px}.elementor-widget-text-editor:not(.elementor-drop-cap-view-default) .elementor-drop-cap-letter{width:1em;height:1em}.elementor-widget-text-editor .elementor-drop-cap{float:left;text-align:center;line-height:1;font-size:50px}.elementor-widget-text-editor .elementor-drop-cap-letter{display:inline-block}<\/style>\t\t\t\t<p>www.bursalaboratuvar.com bir&nbsp;<strong>B\u0130SMER<\/strong> kurulu\u015fudur.<\/p>\t\t\t\t\t\t<\/div>\n\t\t\t\t<\/div>\n\t\t\t\t<\/div>\n\t\t\t\t\t<\/div>\n\t\t\t\t<\/div>\n\t\t\t\t<\/div>\n\t\t","protected":false},"excerpt":{"rendered":"<p>YETK\u0130NL\u0130KLER\u0130M\u0130Z T\u0131bbi Laboratuvar Ruhsat\u0131m\u0131z Mikrobiyoloji Laboratuvar Ruhsat\u0131m\u0131z www.bursalaboratuvar.com bir&nbsp;B\u0130SMER kurulu\u015fudur.<\/p>\n","protected":false},"author":1,"featured_media":0,"parent":0,"menu_order":0,"comment_status":"closed","ping_status":"closed","template":"","meta":{"footnotes":""},"_links":{"self":[{"href":"https:\/\/bursalaboratuvar.com\/index.php\/wp-json\/wp\/v2\/pages\/314"}],"collection":[{"href":"https:\/\/bursalaboratuvar.com\/index.php\/wp-json\/wp\/v2\/pages"}],"about":[{"href":"https:\/\/bursalaboratuvar.com\/index.php\/wp-json\/wp\/v2\/types\/page"}],"author":[{"embeddable":true,"href":"https:\/\/bursalaboratuvar.com\/index.php\/wp-json\/wp\/v2\/users\/1"}],"replies":[{"embeddable":true,"href":"https:\/\/bursalaboratuvar.com\/index.php\/wp-json\/wp\/v2\/comments?post=314"}],"version-history":[{"count":10,"href":"https:\/\/bursalaboratuvar.com\/index.php\/wp-json\/wp\/v2\/pages\/314\/revisions"}],"predecessor-version":[{"id":480,"href":"https:\/\/bursalaboratuvar.com\/index.php\/wp-json\/wp\/v2\/pages\/314\/revisions\/480"}],"wp:attachment":[{"href":"https:\/\/bursalaboratuvar.com\/index.php\/wp-json\/wp\/v2\/media?parent=314"}],"curies":[{"name":"wp","href":"https:\/\/api.w.org\/{rel}","templated":true}]}}