{"id":380,"date":"2024-03-23T15:30:05","date_gmt":"2024-03-23T12:30:05","guid":{"rendered":"https:\/\/bursalaboratuvar.com\/?page_id=380"},"modified":"2024-03-23T15:31:53","modified_gmt":"2024-03-23T12:31:53","slug":"check-up-programlarimiz","status":"publish","type":"page","link":"https:\/\/bursalaboratuvar.com\/index.php\/check-up-programlarimiz\/","title":{"rendered":"CHECK-UP PROGRAMLARIMIZ"},"content":{"rendered":"\t\t<div data-elementor-type=\"wp-page\" data-elementor-id=\"380\" class=\"elementor elementor-380\" data-elementor-post-type=\"page\">\n\t\t\t\t<div class=\"elementor-element elementor-element-ea9e98d e-flex e-con-boxed elementor-invisible e-con e-parent\" data-id=\"ea9e98d\" data-element_type=\"container\" data-settings=\"{&quot;animation&quot;:&quot;fadeInDown&quot;}\" data-core-v316-plus=\"true\">\n\t\t\t\t\t<div class=\"e-con-inner\">\n\t\t<div class=\"elementor-element elementor-element-6073ab8 e-con-full e-flex e-con e-child\" data-id=\"6073ab8\" data-element_type=\"container\" data-settings=\"{&quot;background_background&quot;:&quot;classic&quot;}\">\n\t\t\t\t<div class=\"elementor-element elementor-element-2a10034 elementor-widget elementor-widget-heading\" data-id=\"2a10034\" data-element_type=\"widget\" data-widget_type=\"heading.default\">\n\t\t\t\t<div class=\"elementor-widget-container\">\n\t\t\t<style>\/*! elementor - v3.20.0 - 20-03-2024 *\/\n.elementor-heading-title{padding:0;margin:0;line-height:1}.elementor-widget-heading .elementor-heading-title[class*=elementor-size-]>a{color:inherit;font-size:inherit;line-height:inherit}.elementor-widget-heading .elementor-heading-title.elementor-size-small{font-size:15px}.elementor-widget-heading .elementor-heading-title.elementor-size-medium{font-size:19px}.elementor-widget-heading .elementor-heading-title.elementor-size-large{font-size:29px}.elementor-widget-heading .elementor-heading-title.elementor-size-xl{font-size:39px}.elementor-widget-heading .elementor-heading-title.elementor-size-xxl{font-size:59px}<\/style><h2 class=\"elementor-heading-title elementor-size-default\">CHECK-UP PROGRAMLARIMIZ<\/h2>\t\t<\/div>\n\t\t\t\t<\/div>\n\t\t\t\t<\/div>\n\t\t\t\t\t<\/div>\n\t\t\t\t<\/div>\n\t\t<div class=\"elementor-element elementor-element-d43a05b animated-slow e-flex e-con-boxed elementor-invisible e-con e-parent\" data-id=\"d43a05b\" data-element_type=\"container\" data-settings=\"{&quot;animation&quot;:&quot;fadeInUp&quot;}\" data-core-v316-plus=\"true\">\n\t\t\t\t\t<div class=\"e-con-inner\">\n\t\t<div class=\"elementor-element elementor-element-a32468a e-con-full e-flex e-con e-child\" data-id=\"a32468a\" data-element_type=\"container\">\n\t\t\t\t<div class=\"elementor-element elementor-element-7494220 elementor-widget elementor-widget-heading\" data-id=\"7494220\" data-element_type=\"widget\" data-widget_type=\"heading.default\">\n\t\t\t\t<div class=\"elementor-widget-container\">\n\t\t\t<h2 class=\"elementor-heading-title elementor-size-default\">CHECK-UP PROGRAMLARIMIZ\n<\/h2>\t\t<\/div>\n\t\t\t\t<\/div>\n\t\t\t\t<div class=\"elementor-element elementor-element-6c60b77 elementor-widget elementor-widget-text-editor\" data-id=\"6c60b77\" data-element_type=\"widget\" data-widget_type=\"text-editor.default\">\n\t\t\t\t<div class=\"elementor-widget-container\">\n\t\t\t<style>\/*! elementor - v3.20.0 - 20-03-2024 *\/\n.elementor-widget-text-editor.elementor-drop-cap-view-stacked .elementor-drop-cap{background-color:#69727d;color:#fff}.elementor-widget-text-editor.elementor-drop-cap-view-framed .elementor-drop-cap{color:#69727d;border:3px solid;background-color:transparent}.elementor-widget-text-editor:not(.elementor-drop-cap-view-default) .elementor-drop-cap{margin-top:8px}.elementor-widget-text-editor:not(.elementor-drop-cap-view-default) .elementor-drop-cap-letter{width:1em;height:1em}.elementor-widget-text-editor .elementor-drop-cap{float:left;text-align:center;line-height:1;font-size:50px}.elementor-widget-text-editor .elementor-drop-cap-letter{display:inline-block}<\/style>\t\t\t\t<p>Hepimiz i\u00e7in sa\u011fl\u0131kl\u0131 kalmak, sa\u011fl\u0131kl\u0131 olmak kadar \u00f6nemlidir. V\u00fccudumuza kulak verip y\u0131lda bir kez check-up yapt\u0131rd\u0131\u011f\u0131m\u0131zda, ileride olu\u015fabilecek risk fakt\u00f6rlerini azalt\u0131p, kendimizi daha sa\u011fl\u0131kl\u0131 hissetmemiz m\u00fcmk\u00fcn.<\/p><p>U\u011fur Laboratuvar\u0131\u2019n\u0131n ya\u015f, cinsiyet, meslek ve ya\u015fam standartlar\u0131na uygun olarak d\u00fczenledi\u011fi check-up programlar\u0131yla, daha sa\u011fl\u0131kl\u0131 ve huzurlu bir v\u00fccuda \u201cmerhaba\u201d deyin.<\/p><ul><li>\u00c7ocuk check-up program\u0131 (03\u201314 ya\u015f)<\/li><li>Genel bay check-up program\u0131<\/li><li>Genel bayan check-up program\u0131<\/li><li>Hamile check-up program\u0131<\/li><li>Kalp ve hipertansiyon hastas\u0131 check-up program\u0131<\/li><li>S\u00fcper k\u0131rk ya\u015f alt\u0131 bay check-up<\/li><li>S\u00fcper k\u0131rk ya\u015f alt\u0131 bayan check-up,<\/li><li>S\u00fcper k\u0131rk ya\u015f \u00fcst\u00fc bay check-up program\u0131<\/li><li>S\u00fcper k\u0131rk ya\u015f \u00fcst\u00fc bayan check-up program\u0131<\/li><li>\u015eeker hastas\u0131 ( diabetes mellitus ) check-up program\u0131<\/li><li>\u015eeker hastal\u0131\u011f\u0131 \u015f\u00fcphesi check-up program\u0131<\/li><li>\u00dcrolojik check-up (Prostat tetkiki i\u00e7in \u00f6nerdi\u011fimiz paket)<\/li><\/ul><p>\u00a0<\/p><p><strong>Mini check-up (Erkek &#8211; Kad\u0131n)<\/strong><br \/>Mini check-up program\u0131nda genel olarak ama\u00e7lanan kans\u0131zl\u0131k ve di\u011fer kan hastal\u0131klar\u0131n\u0131n, b\u00f6brek ve karaci\u011fer fonksiyonlar\u0131n\u0131n, gut(damla) hastal\u0131\u011f\u0131n\u0131n, \u015feker hastal\u0131\u011f\u0131n\u0131n ve B tipi hepatitin ara\u015ft\u0131r\u0131lmas\u0131d\u0131r. \u00c7\u0131kan sonu\u00e7lara g\u00f6re uzman doktorlar\u0131m\u0131z taraf\u0131ndan daha ileri tetkikler \u00f6nerilebilmektedir.<\/p><p>\u00a0<\/p><p><strong>Kad\u0131n ileri Check-Up<\/strong><br \/>Yap\u0131lan ek testlerle kemik metabolizmas\u0131, tiroid bezi fonksiyonlar\u0131 incelenmekte, C hepatit taramas\u0131, gastrointestinal sistem, pankreas, yumurtal\u0131k ve meme kanseri taramas\u0131 yap\u0131lmaktad\u0131r.<\/p><p>\u00a0<\/p><p><strong>Erkek ileri Check-Up<\/strong><br \/>Yap\u0131lan ek testlerle kemik metabolizmas\u0131, tiroid bezi fonksiyonlar\u0131 incelenmekte, C hepatit taramas\u0131, gastrointestinal sistem, pankreas, yumurtal\u0131k ve meme kanseri taramas\u0131 yap\u0131lmaktad\u0131r.<\/p><p>\u00a0<\/p><p><strong>Check-up \u00f6ncesi yap\u0131lmas\u0131 gerekenler?<\/strong><br \/>Check-up i\u00e7in sa\u011fl\u0131k merkezimize gelmeden \u00f6nce dikkat edilmesi gereken konular;<\/p><ul><li>Check-up hizmetlerinizin iyi organize edilmesi i\u00e7in mutlaka en az 24 saat \u00f6ncesinden randevu al\u0131n\u0131z.<\/li><li>Daha \u00f6nce yap\u0131lm\u0131\u015f test ve di\u011fer tetkik sonu\u00e7lar\u0131n\u0131z varsa l\u00fctfen beraberinizde getiriniz..<\/li><\/ul><p><strong><br \/>\u00d6zel durumlar i\u00e7in \u00f6n haz\u0131rl\u0131klar;<\/strong><\/p><ul><li>Hamileyseniz veya bu konuda \u015f\u00fcpheniz varsa<\/li><li>i\u015flemlere ba\u015flamadan \u00f6nce mutlaka doktorunuza bildirin.<\/li><li>Adet d\u00f6neminde verilen idrar \u00f6rneklerinin sa\u011fl\u0131kl\u0131 bir incelemeye uygun olmad\u0131\u011f\u0131n\u0131 unutmay\u0131n.<\/li><li>D\u0131\u015fk\u0131da yap\u0131lan testler i\u00e7in, k\u00fc\u00e7\u00fck temiz bir kap i\u00e7inde az miktarda d\u0131\u015fk\u0131 getiriniz..<\/li><li>Kandaki tetkiklerinizin sa\u011fl\u0131kl\u0131 sonu\u00e7 vermesi i\u00e7in kan vermeden \u00f6nceki 10-12 saat boyunca bir \u015fey yemeyiniz ve su hari\u00e7 bir \u015fey i\u00e7meyiniz.<\/li><li>Tam idrar tahlilinde en sa\u011fl\u0131kl\u0131 sonu\u00e7lar sabah ilk idrar\u0131nda al\u0131nd\u0131\u011f\u0131ndan m\u00fcmk\u00fcnse sabah ilk idrar\u0131n\u0131z\u0131 laboratuar\u0131m\u0131zda veriniz.<\/li><\/ul>\t\t\t\t\t\t<\/div>\n\t\t\t\t<\/div>\n\t\t\t\t<\/div>\n\t\t\t\t\t<\/div>\n\t\t\t\t<\/div>\n\t\t\t\t<\/div>\n\t\t","protected":false},"excerpt":{"rendered":"<p>CHECK-UP PROGRAMLARIMIZ CHECK-UP PROGRAMLARIMIZ Hepimiz i\u00e7in sa\u011fl\u0131kl\u0131 kalmak, sa\u011fl\u0131kl\u0131 olmak kadar \u00f6nemlidir. V\u00fccudumuza kulak verip y\u0131lda bir kez check-up yapt\u0131rd\u0131\u011f\u0131m\u0131zda, ileride olu\u015fabilecek risk fakt\u00f6rlerini azalt\u0131p, kendimizi daha sa\u011fl\u0131kl\u0131 hissetmemiz m\u00fcmk\u00fcn. U\u011fur Laboratuvar\u0131\u2019n\u0131n ya\u015f, cinsiyet, meslek ve ya\u015fam standartlar\u0131na uygun olarak d\u00fczenledi\u011fi check-up programlar\u0131yla, daha sa\u011fl\u0131kl\u0131 ve huzurlu bir v\u00fccuda \u201cmerhaba\u201d deyin. \u00c7ocuk check-up program\u0131 (03\u201314 [&hellip;]<\/p>\n","protected":false},"author":1,"featured_media":0,"parent":0,"menu_order":0,"comment_status":"closed","ping_status":"closed","template":"","meta":{"footnotes":""},"_links":{"self":[{"href":"https:\/\/bursalaboratuvar.com\/index.php\/wp-json\/wp\/v2\/pages\/380"}],"collection":[{"href":"https:\/\/bursalaboratuvar.com\/index.php\/wp-json\/wp\/v2\/pages"}],"about":[{"href":"https:\/\/bursalaboratuvar.com\/index.php\/wp-json\/wp\/v2\/types\/page"}],"author":[{"embeddable":true,"href":"https:\/\/bursalaboratuvar.com\/index.php\/wp-json\/wp\/v2\/users\/1"}],"replies":[{"embeddable":true,"href":"https:\/\/bursalaboratuvar.com\/index.php\/wp-json\/wp\/v2\/comments?post=380"}],"version-history":[{"count":4,"href":"https:\/\/bursalaboratuvar.com\/index.php\/wp-json\/wp\/v2\/pages\/380\/revisions"}],"predecessor-version":[{"id":387,"href":"https:\/\/bursalaboratuvar.com\/index.php\/wp-json\/wp\/v2\/pages\/380\/revisions\/387"}],"wp:attachment":[{"href":"https:\/\/bursalaboratuvar.com\/index.php\/wp-json\/wp\/v2\/media?parent=380"}],"curies":[{"name":"wp","href":"https:\/\/api.w.org\/{rel}","templated":true}]}}