{"id":53,"date":"2024-03-20T17:30:06","date_gmt":"2024-03-20T14:30:06","guid":{"rendered":"https:\/\/bursalaboratuvar.com\/?page_id=53"},"modified":"2024-03-23T16:39:28","modified_gmt":"2024-03-23T13:39:28","slug":"blog","status":"publish","type":"page","link":"https:\/\/bursalaboratuvar.com\/index.php\/ana-sayfa\/blog\/","title":{"rendered":"Blog"},"content":{"rendered":"\t\t<div data-elementor-type=\"wp-page\" data-elementor-id=\"53\" class=\"elementor elementor-53\" data-elementor-post-type=\"page\">\n\t\t\t\t<div class=\"elementor-element elementor-element-7c4b6c62 e-flex e-con-boxed elementor-invisible e-con e-parent\" data-id=\"7c4b6c62\" data-element_type=\"container\" data-settings=\"{&quot;animation&quot;:&quot;fadeInDown&quot;}\" data-core-v316-plus=\"true\">\n\t\t\t\t\t<div class=\"e-con-inner\">\n\t\t<div class=\"elementor-element elementor-element-2383c67e e-con-full e-flex e-con e-child\" data-id=\"2383c67e\" data-element_type=\"container\" data-settings=\"{&quot;background_background&quot;:&quot;classic&quot;}\">\n\t\t\t\t<div class=\"elementor-element elementor-element-4651818b elementor-widget elementor-widget-heading\" data-id=\"4651818b\" data-element_type=\"widget\" data-widget_type=\"heading.default\">\n\t\t\t\t<div class=\"elementor-widget-container\">\n\t\t\t<style>\/*! elementor - v3.20.0 - 20-03-2024 *\/\n.elementor-heading-title{padding:0;margin:0;line-height:1}.elementor-widget-heading .elementor-heading-title[class*=elementor-size-]>a{color:inherit;font-size:inherit;line-height:inherit}.elementor-widget-heading .elementor-heading-title.elementor-size-small{font-size:15px}.elementor-widget-heading .elementor-heading-title.elementor-size-medium{font-size:19px}.elementor-widget-heading .elementor-heading-title.elementor-size-large{font-size:29px}.elementor-widget-heading .elementor-heading-title.elementor-size-xl{font-size:39px}.elementor-widget-heading .elementor-heading-title.elementor-size-xxl{font-size:59px}<\/style><h2 class=\"elementor-heading-title elementor-size-default\">BLOG<\/h2>\t\t<\/div>\n\t\t\t\t<\/div>\n\t\t\t\t<\/div>\n\t\t\t\t\t<\/div>\n\t\t\t\t<\/div>\n\t\t<div class=\"elementor-element elementor-element-8b6d33f e-flex e-con-boxed e-con e-parent\" data-id=\"8b6d33f\" data-element_type=\"container\" data-core-v316-plus=\"true\">\n\t\t\t\t\t<div class=\"e-con-inner\">\n\t\t\t\t<div class=\"elementor-element elementor-element-fbf961d animated-slow elementor-grid-3 elementor-grid-tablet-2 elementor-grid-mobile-1 elementor-posts--thumbnail-top elementor-card-shadow-yes elementor-posts__hover-gradient elementor-invisible elementor-widget elementor-widget-posts\" data-id=\"fbf961d\" data-element_type=\"widget\" data-settings=\"{&quot;pagination_type&quot;:&quot;numbers&quot;,&quot;_animation&quot;:&quot;fadeIn&quot;,&quot;cards_columns&quot;:&quot;3&quot;,&quot;cards_columns_tablet&quot;:&quot;2&quot;,&quot;cards_columns_mobile&quot;:&quot;1&quot;,&quot;cards_row_gap&quot;:{&quot;unit&quot;:&quot;px&quot;,&quot;size&quot;:35,&quot;sizes&quot;:[]},&quot;cards_row_gap_tablet&quot;:{&quot;unit&quot;:&quot;px&quot;,&quot;size&quot;:&quot;&quot;,&quot;sizes&quot;:[]},&quot;cards_row_gap_mobile&quot;:{&quot;unit&quot;:&quot;px&quot;,&quot;size&quot;:&quot;&quot;,&quot;sizes&quot;:[]}}\" data-widget_type=\"posts.cards\">\n\t\t\t\t<div class=\"elementor-widget-container\">\n\t\t\t<link rel=\"stylesheet\" href=\"https:\/\/bursalaboratuvar.com\/wp-content\/plugins\/elementor-pro\/assets\/css\/widget-posts.min.css\">\t\t<div class=\"elementor-posts-container elementor-posts elementor-posts--skin-cards elementor-grid\">\n\t\t\t\t<article class=\"elementor-post elementor-grid-item post-469 post type-post status-publish format-standard has-post-thumbnail hentry category-blog\">\n\t\t\t<div class=\"elementor-post__card\">\n\t\t\t\t<a class=\"elementor-post__thumbnail__link\" href=\"https:\/\/bursalaboratuvar.com\/index.php\/2024\/03\/23\/gebelik-testi\/\" tabindex=\"-1\" ><div class=\"elementor-post__thumbnail\"><img fetchpriority=\"high\" decoding=\"async\" width=\"300\" height=\"169\" src=\"https:\/\/bursalaboratuvar.com\/wp-content\/uploads\/2024\/03\/gebelik-300x169.webp\" class=\"attachment-medium size-medium wp-image-470\" alt=\"\" srcset=\"https:\/\/bursalaboratuvar.com\/wp-content\/uploads\/2024\/03\/gebelik-300x169.webp 300w, https:\/\/bursalaboratuvar.com\/wp-content\/uploads\/2024\/03\/gebelik-768x432.webp 768w, https:\/\/bursalaboratuvar.com\/wp-content\/uploads\/2024\/03\/gebelik.webp 960w\" sizes=\"(max-width: 300px) 100vw, 300px\" \/><\/div><\/a>\n\t\t\t\t<div class=\"elementor-post__text\">\n\t\t\t\t<h3 class=\"elementor-post__title\">\n\t\t\t<a href=\"https:\/\/bursalaboratuvar.com\/index.php\/2024\/03\/23\/gebelik-testi\/\" >\n\t\t\t\tGebelik Testi\t\t\t<\/a>\n\t\t<\/h3>\n\t\t\t\t<div class=\"elementor-post__excerpt\">\n\t\t\t<p>GEBEL\u0130K TEST\u0130 Gebelikte genetik testler, anne ve baban\u0131n genetik materyallerini, gebelik s\u00fcrecindeki bir bebe\u011fin genetik sa\u011fl\u0131\u011f\u0131 hakk\u0131nda bilgi sa\u011flamak amac\u0131yla yap\u0131lan testleri ifade eder. Bu testler, potansiyel genetik sorunlar\u0131 erken a\u015famada tespit etmeyi ve do\u011fum \u00f6ncesi m\u00fcdahalelere olanak tan\u0131mak amac\u0131yla uygulan\u0131r. \u0130\u015fte gebelikte yap\u0131lan baz\u0131 genetik testler:\u00a0 \u0130kili Test (\u0130kili<\/p>\n\t\t<\/div>\n\t\t\t\t\t<div class=\"elementor-post__read-more-wrapper\">\n\t\t\n\t\t<a class=\"elementor-post__read-more\" href=\"https:\/\/bursalaboratuvar.com\/index.php\/2024\/03\/23\/gebelik-testi\/\" aria-label=\"Read more about Gebelik Testi\" tabindex=\"-1\" >\n\t\t\tDevam\u0131n\u0131 Oku\t\t<\/a>\n\n\t\t\t\t\t<\/div>\n\t\t\t\t<\/div>\n\t\t\t\t\t<\/div>\n\t\t<\/article>\n\t\t\t\t<article class=\"elementor-post elementor-grid-item post-401 post type-post status-publish format-standard has-post-thumbnail hentry category-saglik\">\n\t\t\t<div class=\"elementor-post__card\">\n\t\t\t\t<a class=\"elementor-post__thumbnail__link\" href=\"https:\/\/bursalaboratuvar.com\/index.php\/2024\/03\/23\/check-up-ile-erken-teshis-insan-sagligi-icin-onemi\/\" tabindex=\"-1\" ><div class=\"elementor-post__thumbnail\"><img decoding=\"async\" width=\"300\" height=\"200\" src=\"https:\/\/bursalaboratuvar.com\/wp-content\/uploads\/2024\/03\/black-and-gray-stethoscope-scaled.jpg\" class=\"attachment-medium size-medium wp-image-400\" alt=\"black and gray stethoscope\" \/><\/div><\/a>\n\t\t\t\t<div class=\"elementor-post__text\">\n\t\t\t\t<h3 class=\"elementor-post__title\">\n\t\t\t<a href=\"https:\/\/bursalaboratuvar.com\/index.php\/2024\/03\/23\/check-up-ile-erken-teshis-insan-sagligi-icin-onemi\/\" >\n\t\t\t\tCheck-Up ile Erken Te\u015fhis\t\t\t<\/a>\n\t\t<\/h3>\n\t\t\t\t<div class=\"elementor-post__excerpt\">\n\t\t\t<p>CHECK-UP \u0130LE ERKEN TE\u015eH\u0130S Check-up, sa\u011fl\u0131k kontrollerinin d\u00fczenli olarak yap\u0131lmas\u0131yla birlikte erken te\u015fhisin \u00f6nemini vurgulayan bir s\u00fcre\u00e7tir. \u0130nsan sa\u011fl\u0131\u011f\u0131 i\u00e7in b\u00fcy\u00fck bir \u00f6neme sahip olan check-up, \u00e7e\u015fitli sa\u011fl\u0131k tetkiklerini i\u00e7erir ve bireyin genel sa\u011fl\u0131k durumunu de\u011ferlendirmek amac\u0131yla ger\u00e7ekle\u015ftirilir. Erken te\u015fhis, bir\u00e7ok hastal\u0131\u011f\u0131n ilerlemeden \u00f6nce tespit edilmesini sa\u011flar ve tedavi s\u00fcrecinin<\/p>\n\t\t<\/div>\n\t\t\t\t\t<div class=\"elementor-post__read-more-wrapper\">\n\t\t\n\t\t<a class=\"elementor-post__read-more\" href=\"https:\/\/bursalaboratuvar.com\/index.php\/2024\/03\/23\/check-up-ile-erken-teshis-insan-sagligi-icin-onemi\/\" aria-label=\"Read more about Check-Up ile Erken Te\u015fhis\" tabindex=\"-1\" >\n\t\t\tDevam\u0131n\u0131 Oku\t\t<\/a>\n\n\t\t\t\t\t<\/div>\n\t\t\t\t<\/div>\n\t\t\t\t\t<\/div>\n\t\t<\/article>\n\t\t\t\t<article class=\"elementor-post elementor-grid-item post-457 post type-post status-publish format-standard has-post-thumbnail hentry category-blog\">\n\t\t\t<div class=\"elementor-post__card\">\n\t\t\t\t<a class=\"elementor-post__thumbnail__link\" href=\"https:\/\/bursalaboratuvar.com\/index.php\/2024\/03\/22\/cinsel-yolla-bulasan-hastaliklar-ve-korunma-yollari\/\" tabindex=\"-1\" ><div class=\"elementor-post__thumbnail\"><img decoding=\"async\" width=\"300\" height=\"200\" src=\"https:\/\/bursalaboratuvar.com\/wp-content\/uploads\/2024\/03\/cinselyol-300x200.webp\" class=\"attachment-medium size-medium wp-image-458\" alt=\"\" srcset=\"https:\/\/bursalaboratuvar.com\/wp-content\/uploads\/2024\/03\/cinselyol-300x200.webp 300w, https:\/\/bursalaboratuvar.com\/wp-content\/uploads\/2024\/03\/cinselyol-1024x683.webp 1024w, https:\/\/bursalaboratuvar.com\/wp-content\/uploads\/2024\/03\/cinselyol-768x512.webp 768w, https:\/\/bursalaboratuvar.com\/wp-content\/uploads\/2024\/03\/cinselyol.webp 1200w\" sizes=\"(max-width: 300px) 100vw, 300px\" \/><\/div><\/a>\n\t\t\t\t<div class=\"elementor-post__text\">\n\t\t\t\t<h3 class=\"elementor-post__title\">\n\t\t\t<a href=\"https:\/\/bursalaboratuvar.com\/index.php\/2024\/03\/22\/cinsel-yolla-bulasan-hastaliklar-ve-korunma-yollari\/\" >\n\t\t\t\tCinsel Yolla Bula\u015fan Hastal\u0131klar ve Korunma Yollar\u0131\t\t\t<\/a>\n\t\t<\/h3>\n\t\t\t\t<div class=\"elementor-post__excerpt\">\n\t\t\t<p>C\u0130NSEL YOLLA BULA\u015eAN HASTALIKLAR VE KORUNMA YOLLARI Cinsel yolla bula\u015fan hastal\u0131klar (CYBH), cinsel temas yoluyla ki\u015fiden ki\u015fiye ge\u00e7en enfeksiyonlard\u0131r. Bu hastal\u0131klar, bakteri, vir\u00fcs veya di\u011fer mikroorganizmalar taraf\u0131ndan neden olabilir. Genellikle s\u0131k g\u00f6r\u00fclen bu hastal\u0131klar te\u015fhis ve tedavi a\u015famas\u0131ndan sonra olumlu sonu\u00e7lar al\u0131nmaktad\u0131r.\u0130\u015fte cinsel yolla bula\u015fan baz\u0131 yayg\u0131n hastal\u0131klar: \u00a0 HIV\/AIDS:\u00a0\u0130nsan<\/p>\n\t\t<\/div>\n\t\t\t\t\t<div class=\"elementor-post__read-more-wrapper\">\n\t\t\n\t\t<a class=\"elementor-post__read-more\" href=\"https:\/\/bursalaboratuvar.com\/index.php\/2024\/03\/22\/cinsel-yolla-bulasan-hastaliklar-ve-korunma-yollari\/\" aria-label=\"Read more about Cinsel Yolla Bula\u015fan Hastal\u0131klar ve Korunma Yollar\u0131\" tabindex=\"-1\" >\n\t\t\tDevam\u0131n\u0131 Oku\t\t<\/a>\n\n\t\t\t\t\t<\/div>\n\t\t\t\t<\/div>\n\t\t\t\t\t<\/div>\n\t\t<\/article>\n\t\t\t\t<article class=\"elementor-post elementor-grid-item post-448 post type-post status-publish format-standard has-post-thumbnail hentry category-blog\">\n\t\t\t<div class=\"elementor-post__card\">\n\t\t\t\t<a class=\"elementor-post__thumbnail__link\" href=\"https:\/\/bursalaboratuvar.com\/index.php\/2024\/03\/22\/besin-intoleransi-ve-vucuttaki-gizli-sinyaller\/\" tabindex=\"-1\" ><div class=\"elementor-post__thumbnail\"><img loading=\"lazy\" decoding=\"async\" width=\"300\" height=\"225\" src=\"https:\/\/bursalaboratuvar.com\/wp-content\/uploads\/2024\/03\/besinintolerans-300x225.webp\" class=\"attachment-medium size-medium wp-image-449\" alt=\"\" srcset=\"https:\/\/bursalaboratuvar.com\/wp-content\/uploads\/2024\/03\/besinintolerans-300x225.webp 300w, https:\/\/bursalaboratuvar.com\/wp-content\/uploads\/2024\/03\/besinintolerans-1024x768.webp 1024w, https:\/\/bursalaboratuvar.com\/wp-content\/uploads\/2024\/03\/besinintolerans-768x576.webp 768w, https:\/\/bursalaboratuvar.com\/wp-content\/uploads\/2024\/03\/besinintolerans-1536x1152.webp 1536w, https:\/\/bursalaboratuvar.com\/wp-content\/uploads\/2024\/03\/besinintolerans.webp 1600w\" sizes=\"(max-width: 300px) 100vw, 300px\" \/><\/div><\/a>\n\t\t\t\t<div class=\"elementor-post__text\">\n\t\t\t\t<h3 class=\"elementor-post__title\">\n\t\t\t<a href=\"https:\/\/bursalaboratuvar.com\/index.php\/2024\/03\/22\/besin-intoleransi-ve-vucuttaki-gizli-sinyaller\/\" >\n\t\t\t\tBesin \u0130ntolerans\u0131 ve V\u00fccuttaki Gizli Sinyaller\t\t\t<\/a>\n\t\t<\/h3>\n\t\t\t\t<div class=\"elementor-post__excerpt\">\n\t\t\t<p>BES\u0130N \u0130NTOLERANSI VE V\u00dcCUTTAK\u0130 G\u0130ZL\u0130 S\u0130NYALLER Besin intolerans\u0131, sa\u011fl\u0131kl\u0131 oldu\u011funu d\u00fc\u015f\u00fcnd\u00fc\u011f\u00fcm\u00fcz bir\u00e7ok g\u0131dan\u0131n v\u00fccudumuzda olumsuz etkiler yaratabilece\u011fi bir durumdur. \u00d6zellikle, proteinlerin do\u011fru \u015fekilde par\u00e7alanamad\u0131\u011f\u0131 durumlarda v\u00fccudumuz, bu g\u0131dalara kar\u015f\u0131 tepki vermeye ba\u015flar ve bu durum &#8220;Besin \u0130ntolerans\u0131&#8221; olarak adland\u0131r\u0131l\u0131r. Peki, besin intolerans\u0131 nedir ve v\u00fccutta neden olu\u015fur? \u00a0 1. Besin<\/p>\n\t\t<\/div>\n\t\t\t\t\t<div class=\"elementor-post__read-more-wrapper\">\n\t\t\n\t\t<a class=\"elementor-post__read-more\" href=\"https:\/\/bursalaboratuvar.com\/index.php\/2024\/03\/22\/besin-intoleransi-ve-vucuttaki-gizli-sinyaller\/\" aria-label=\"Read more about Besin \u0130ntolerans\u0131 ve V\u00fccuttaki Gizli Sinyaller\" tabindex=\"-1\" >\n\t\t\tDevam\u0131n\u0131 Oku\t\t<\/a>\n\n\t\t\t\t\t<\/div>\n\t\t\t\t<\/div>\n\t\t\t\t\t<\/div>\n\t\t<\/article>\n\t\t\t\t<article class=\"elementor-post elementor-grid-item post-436 post type-post status-publish format-standard has-post-thumbnail hentry category-blog\">\n\t\t\t<div class=\"elementor-post__card\">\n\t\t\t\t<a class=\"elementor-post__thumbnail__link\" href=\"https:\/\/bursalaboratuvar.com\/index.php\/2024\/03\/22\/bobrek-sagliginda-yasam-destek-sistemi\/\" tabindex=\"-1\" ><div class=\"elementor-post__thumbnail\"><img loading=\"lazy\" decoding=\"async\" width=\"300\" height=\"177\" src=\"https:\/\/bursalaboratuvar.com\/wp-content\/uploads\/2024\/03\/bobreksaglik-300x177.webp\" class=\"attachment-medium size-medium wp-image-438\" alt=\"\" srcset=\"https:\/\/bursalaboratuvar.com\/wp-content\/uploads\/2024\/03\/bobreksaglik-300x177.webp 300w, https:\/\/bursalaboratuvar.com\/wp-content\/uploads\/2024\/03\/bobreksaglik-768x452.webp 768w, https:\/\/bursalaboratuvar.com\/wp-content\/uploads\/2024\/03\/bobreksaglik.webp 1019w\" sizes=\"(max-width: 300px) 100vw, 300px\" \/><\/div><\/a>\n\t\t\t\t<div class=\"elementor-post__text\">\n\t\t\t\t<h3 class=\"elementor-post__title\">\n\t\t\t<a href=\"https:\/\/bursalaboratuvar.com\/index.php\/2024\/03\/22\/bobrek-sagliginda-yasam-destek-sistemi\/\" >\n\t\t\t\tB\u00f6brek Sa\u011fl\u0131\u011f\u0131nda Ya\u015fam Destek Sistemi\t\t\t<\/a>\n\t\t<\/h3>\n\t\t\t\t<div class=\"elementor-post__excerpt\">\n\t\t\t<p>B\u00d6BREK SA\u011eLI\u011eINDA YA\u015eAM DESTEK S\u0130STEM\u0130 B\u00f6brek hastal\u0131klar\u0131, v\u00fccuttaki zararl\u0131 at\u0131klar\u0131 ve fazla s\u0131v\u0131y\u0131 temizleme g\u00f6revini yerine getiremeyen b\u00f6breklerin neden oldu\u011fu ciddi sa\u011fl\u0131k sorunlar\u0131d\u0131r. Bu noktada devreye giren \u00f6nemli bir tedavi y\u00f6ntemi olan &#8220;diyaliz&#8221;, b\u00f6brek sa\u011fl\u0131\u011f\u0131n\u0131 korumak ve ya\u015fam kalitesini art\u0131rmak ad\u0131na hayati bir rol oynar. Peki, diyaliz nedir ve nas\u0131l<\/p>\n\t\t<\/div>\n\t\t\t\t\t<div class=\"elementor-post__read-more-wrapper\">\n\t\t\n\t\t<a class=\"elementor-post__read-more\" href=\"https:\/\/bursalaboratuvar.com\/index.php\/2024\/03\/22\/bobrek-sagliginda-yasam-destek-sistemi\/\" aria-label=\"Read more about B\u00f6brek Sa\u011fl\u0131\u011f\u0131nda Ya\u015fam Destek Sistemi\" tabindex=\"-1\" >\n\t\t\tDevam\u0131n\u0131 Oku\t\t<\/a>\n\n\t\t\t\t\t<\/div>\n\t\t\t\t<\/div>\n\t\t\t\t\t<\/div>\n\t\t<\/article>\n\t\t\t\t<\/div>\n\t\t\n\t\t\t\t<\/div>\n\t\t\t\t<\/div>\n\t\t\t\t\t<\/div>\n\t\t\t\t<\/div>\n\t\t\t\t<\/div>\n\t\t","protected":false},"excerpt":{"rendered":"<p>BLOG<\/p>\n","protected":false},"author":1,"featured_media":0,"parent":39,"menu_order":0,"comment_status":"closed","ping_status":"closed","template":"","meta":{"footnotes":""},"_links":{"self":[{"href":"https:\/\/bursalaboratuvar.com\/index.php\/wp-json\/wp\/v2\/pages\/53"}],"collection":[{"href":"https:\/\/bursalaboratuvar.com\/index.php\/wp-json\/wp\/v2\/pages"}],"about":[{"href":"https:\/\/bursalaboratuvar.com\/index.php\/wp-json\/wp\/v2\/types\/page"}],"author":[{"embeddable":true,"href":"https:\/\/bursalaboratuvar.com\/index.php\/wp-json\/wp\/v2\/users\/1"}],"replies":[{"embeddable":true,"href":"https:\/\/bursalaboratuvar.com\/index.php\/wp-json\/wp\/v2\/comments?post=53"}],"version-history":[{"count":34,"href":"https:\/\/bursalaboratuvar.com\/index.php\/wp-json\/wp\/v2\/pages\/53\/revisions"}],"predecessor-version":[{"id":468,"href":"https:\/\/bursalaboratuvar.com\/index.php\/wp-json\/wp\/v2\/pages\/53\/revisions\/468"}],"up":[{"embeddable":true,"href":"https:\/\/bursalaboratuvar.com\/index.php\/wp-json\/wp\/v2\/pages\/39"}],"wp:attachment":[{"href":"https:\/\/bursalaboratuvar.com\/index.php\/wp-json\/wp\/v2\/media?parent=53"}],"curies":[{"name":"wp","href":"https:\/\/api.w.org\/{rel}","templated":true}]}}